n base 5, what is 1223002 - -41?
1223043
In base 2, what is 0 - 111110010110?
-111110010110
In base 14, what is 1 - 1d9d?
-1d9c
In base 4, what is 120 + -12231120?
-12231000
In base 3, what is -10202 + 12001?
1022
In base 5, what is -10 - -1102422?
1102412
In base 3, what is 111012 + 12021?
200110
In base 15, what is -8 + 107a1?
10798
In base 2, what is 10 + -10110000011110111?
-10110000011110101
In base 8, what is 266 + 115?
403
In base 5, what is -140 + -4024?
-4214
In base 6, what is 50123 + 112?
50235
In base 5, what is -14202 - 11333?
-31040
In base 12, what is -459 + -303?
-760
In base 8, what is 1 + 21026?
21027
In base 4, what is 301032223 + -21?
301032202
In base 8, what is 2562351 + 5?
2562356
In base 3, what is -2110212201022 + -12?
-2110212201111
In base 4, what is -2 - -32123333?
32123331
In base 16, what is 47 + -e6?
-9f
In base 8, what is -550 - -212?
-336
In base 8, what is 4 + 455264?
455270
In base 14, what is -d254 + -1?
-d255
In base 6, what is 12 - -20144?
20200
In base 16, what is 0 - 94d6?
-94d6
In base 8, what is -26442 - -2?
-26440
In base 13, what is -4 + 16b36c?
16b368
In base 2, what is 100 - -11000100001001000?
11000100001001100
In base 12, what is 1037a + -110?
1026a
In base 3, what is 11 - 201221001?
-201220220
In base 16, what is -243e5 - -5?
-243e0
In base 7, what is 5 + 2514041?
2514046
In base 6, what is 42034 - -554?
43032
In base 12, what is 130 - -181?
2b1
In base 7, what is 3 - 36142?
-36136
In base 4, what is -220230 - 33?
-220323
In base 6, what is 1241 + -3?
1234
In base 6, what is 1 - -4004410?
4004411
In base 16, what is 18d + 68?
1f5
In base 12, what is -3354 - 2b?
-3383
In base 16, what is 3 - -5be90?
5be93
In base 16, what is -9a + -c?
-a6
In base 13, what is 2a + -7a65?
-7a38
In base 2, what is -10111001111101 - -100?
-10111001111001
In base 4, what is 1131232 + -111?
1131121
In base 4, what is 210111 - -113?
210230
In base 6, what is -4 + -55012?
-55020
In base 10, what is 1220 - -34?
1254
In base 4, what is 10022 - 221?
3201
In base 16, what is 5d64 + -1a?
5d4a
In base 13, what is 5 + -794a?
-7945
In base 16, what is 4 + -1d1c?
-1d18
In base 13, what is 137ba - -1?
137bb
In base 7, what is 5 - 5601?
-5563
In base 10, what is 1815 - -1223?
3038
In base 2, what is 100000011 + 10001?
100010100
In base 5, what is -44111343 - -2?
-44111341
In base 6, what is 34 + -145243?
-145205
In base 15, what is -1eac6 + -4?
-1eaca
In base 9, what is 61804 - 23?
61771
In base 9, what is -5266 - 204?
-5471
In base 2, what is -111 - 1110111110100?
-1110111111011
In base 12, what is -1b948 - 4?
-1b950
In base 9, what is -2518 + -381?
-3010
In base 8, what is 11 + 2504?
2515
In base 5, what is -1040001 - -10?
-1034441
In base 11, what is 32a - -1a?
349
In base 15, what is 520 - e?
511
In base 2, what is -10000000100000 - -111111?
-1111111100001
In base 16, what is 1 - -19dbf?
19dc0
In base 2, what is -100 + -11011001001110?
-11011001010010
In base 6, what is -2 - -40210?
40204
In base 2, what is -11 + -11011010010001000000?
-11011010010001000011
In base 11, what is -322983 + 1?
-322982
In base 16, what is 3dc8 + 0?
3dc8
In base 16, what is -1f + 166?
147
In base 9, what is -8005 - -27?
-7867
In base 6, what is 1 + 1240422?
1240423
In base 10, what is -404783 + -2?
-404785
In base 9, what is 2716270 + -3?
2716266
In base 6, what is -11524 + 124?
-11400
In base 11, what is -114704 - 0?
-114704
In base 4, what is -231 + 2220?
1323
In base 13, what is 48 + 59b?
616
In base 15, what is -3 + a787?
a784
In base 2, what is 100 + 100111110111101100?
100111110111110000
In base 11, what is -229 - -330?
102
In base 9, what is 28720 + 8?
28728
In base 3, what is 1020222 - -201112?
1222111
In base 6, what is 2211030 + -1?
2211025
In base 12, what is -8 + b9b6?
b9aa
In base 10, what is -4 + -383967?
-383971
In base 11, what is -120a1 - a?
-12100
In base 10, what is 10496 - -4?
10500
In base 16, what is -10a0 - 9?
-10a9
In base 8, what is -372 + -1153?
-1545
In base 5, what is 202003 - 3311?
143142
In base 9, what is 45666 + -3?
45663
In base 8, what is -125 + -3513?
-3640
In base 2, what is -1010 + 11010010000011?
11010001111001
In base 3, what is -11120 + 211?
-10202
In base 15, what is -432c + a?
-4322
In base 8, what is 1 + 13523?
13524
In base 2, what is 1111101 - 1010101100001?
-1010011100100
In base 2, what is 1 - -101001000011?
101001000100
In base 3, what is -21210 - -20220?
-220
In base 11, what is 1156 - -443?
1599
In base 13, what is -cb6 + -7?
-cc0
In base 5, what is -20 - -103134?
103114
In base 9, what is -85 + -53002?
-53087
In base 5, what is -2430 + -210?
-3140
In base 8, what is -410422 - 3?
-410425
In base 2, what is -10 - 1011010100011?
-1011010100101
In base 4, what is -2 - 2011200?
-2011202
In base 8, what is 3630 + -164?
3444
In base 15, what is 25 - 552?
-52c
In base 6, what is 245255 + -102?
245153
In base 9, what is 4647 + 32?
4680
In base 15, what is -8 + 1da8?
1da0
In base 2, what is -1010101000101 + 1000?
-1010100111101
In base 16, what is -a - -65?
5b
In base 16, what is 1b + -cfbd?
-cfa2
In base 13, what is -5 - 65aa?
-65b2
In base 8, what is 1 - 676?
-675
In base 5, what is 10111 - -1233?
11344
In base 15, what is a0817 - -4?
a081b
In base 2, what is -111101 - -10100100?
1100111
In base 16, what is -4 + -20db?
-20df
In base 4, what is 202 - -222102?
222310
In base 2, what is 10010100001100100000 + 10?
10010100001100100010
In base 7, what is -52 - -126?
44
In base 2, what is 10001111011 - -10101111?
10100101010
In base 12, what is -22519 - -1?
-22518
In base 10, what is 6 - 733?
-727
In base 13, what is 1a4bb + 2?
1a4c0
In base 6, what is -253143 + -3?
-253150
In base 8, what is -27 + 31304?
31255
In base 7, what is 1 - 34521?
-34520
In base 16, what is -2 - -14a59?
14a57
In base 7, what is 30656 - -40?
31026
In base 6, what is 4 + -5543551?
-5543543
In base 11, what is a58 + 1a0?
1148
In base 11, what is -31830 + -7?
-31837
In base 15, what is 8d - 1d?
70
In base 16, what is -93 + 2e45?
2db2
In base 7, what is 5365 + 31?
5426
In base 3, what is -202 - -2222021?
2221112
In base 8, what is 5 + -16547?
-16542
In base 15, what is 1 + a7da?
a7db
In base 8, what is -6253440 + -5?
-6253445
In base 4, what is -12010033 + 1?
-12010032
In base 11, what is -17 + -2094?
-2100
In base 8, what is 413 + 44?
457
In base 3, what is 21202000201202 + 11?
21202000201220
In base 4, what is -22 + -2121001?
-2121023
In base 3, what is 22020221120 - 10?
22020221110
In base 15, what is -d9 - -494?
3aa
In base 16, what is e + b938?
b946
In base 13, what is -896a4 + -5?
-896a9
In base 2, what is 10000110100000 + -101101?
10000101110011
In base 7, what is -365064 + -4?
-365101
In base 6, what is 132340 - 12?
132324
In base 7, what is 6032 + -156?
5543
In base 16, what is -269cda - -5?
-269cd5
In base 3, what is -10121122 - -102?
-10121020
In base 3, what is -12 + 1022021210?
1022021121
In base 10, what is -47600 + -23?
-47623
In base 11, what is 10a - -6000?
610a
In base 7, what is 36206 + 23?
36232
In base 8, what is 3400 + 0?
3400
In base 13, what is -484a38 - 5?
-484a40
In base 4, what is 1020 - -1312002?
1313022
In base 7, what is 30565 - 53?
30512
In base 11, what is 2a6 + 432a?
4625
In base 5, what is -1 + 334101?
334100
In base 7, what is 1331 - -32?
1363
In base 3, what is -1002120 + -221?
-1010111
In base 10, what is 4 + -25823?
-25819
In base 2, what is -1111110000101 - -111?
-1111101111110
In base 5, what is 1310414 + -312?
1310102
In base 15, what is -858b + 2?
-8589
In base 4, what is -11201023 + 0?
-11201023
In base 9, what is 13286 + -82?
13204
In base 15, what is -4 - -2454?
2450
In base 6, what is 444 - -312?
1200
In base 12, what is 2b + -2135?
-2106
In base 11, what is 1265 + 34?
1299
In base 16, what is -16d - -15b?
-12
In base 16, what is -1464b + -4?
-1464f
In base 3, what is -120122100 - -10?
-120122020
In base 14, what is 36 - -8d6?
92c
In base 14, what is -1071 - -21?
-1050
In base 13, what is 3 + 71ab?
71b1
In base 16, what is -24 - 2f0?
-314
In base 5, what is 4 - -233214410?
233214414
In base 10, what is -16010 + 173?
-15837
In base 8, what is -6460 + -133?
-6613
In base 15, what is 93dec6 + 3?
93dec9
In base 6, what is 31553 - 31?
31522
In base 11, what is -7 - 215?
-221
In base 13, what is 2c